13
Suppose 109 = -4*q + 697. What are the prime factors of q?
3, 7
Suppose -96*q + 8226 = -87*q. What are the prime factors of q?
2, 457
Let p be (3 + -7)*(-3)/(-6)*-2. Let q(w) = 2*w**3 - 8*w**2 + 8*w. List the prime factors of q(p).
2
Let n be 2 + (15 - -5) + -1. List the prime factors of (-6)/(-21) - (-3921)/n.
11, 17
Let l be (-4720)/20*(-2)/8. Suppose 16 = u - l. Suppose -n - 5*k = 4*n - u, 2*n - 5*k = 37. What are the prime factors of n?
2
Let t be (-5)/(5/11) + -2. Let y = -47 + 68. Let u = t + y. What are the prime factors of u?
2
Suppose -w = -7*w + 876. Suppose -4*t = 5*r - w, 3*t - t = -5*r + 148. What are the prime factors of r?
2, 3, 5
Let g(v) = v**3 - 13*v**2 + 11*v + 20. Suppose -21 - 6 = -3*f. Suppose -22 = -3*t - 5*k + f, 3*k + 15 = t. What are the prime factors of g(t)?
2
Let c(a) = -457*a + 95. What are the prime factors of c(-7)?
2, 3, 61
Suppose 2*c - 3*q = c - 108, -3*c - 330 = -3*q. Let g = -78 - c. What are the prime factors of g?
3, 11
Let f be ((-7)/4)/(2/(-8)). Let m(q) = 2*q - 9. Let s be m(f). Suppose -118 = -3*l + s*o - 14, 0 = 4*l - o - 133. List the prime factors of l.
3, 11
Let l(r) = 177*r**2 - 89*r + 266. List the prime factors of l(3).
2, 199
Let g = 39 + -2. Suppose 0 = 4*x - i - 126, -x + 7*i = 4*i - g. List the prime factors of x.
31
Suppose r + 8 = -5*b, 4*b - 5*r + 8 = 19. Let q = 3 + b. Suppose q*v - 34 = -2*w + w, -w = -2*v - 18. What are the prime factors of w?
2, 13
Let x be (-3)/((-49)/140 - 2/(-10)). Suppose 5*r - x = -0*r. What are the prime factors of r?
2
Let a(i) = 6*i**3 - i**2 + 5*i - 15. Let t be a(5). Let g = t - 467. List the prime factors of g.
2, 67
Let k(x) = x**2 + 2*x + 699. What are the prime factors of k(0)?
3, 233
Let f(l) = l**2 + 3*l + 3. Let g be f(-3). Suppose -g*o + 4*z = 28 - 211, -127 = -2*o + z. What are the prime factors of o?
5, 13
Let q(z) = z**3 - 2*z**2 - 2*z + 2. Let r be q(2). Let x(g) = 7*g**2 + 3*g + 4. List the prime factors of x(r).
2, 13
Let j(n) = -n**2 - 9*n - 8. Let z be j(-8). Suppose 3*g + 25 - 1 = -5*y, 2*g + 6 = z. Let x = y + 6. What are the prime factors of x?
3
Let a = -450 + 311. Let u = -88 - a. List the prime factors of u.
3, 17
Let u(s) = -89*s - 186. What are the prime factors of u(-6)?
2, 3, 29
Suppose -x - 3*t = -4459 + 958, 5*t = 2*x - 7035. List the prime factors of x.
2, 3, 5, 13
Let z(c) = c**2 + 6*c + 10. Let m be z(-4). Suppose -253 = -5*j - 4*r, 4*r - 78 - 28 = -m*j. Suppose 2*w - j = w. What are the prime factors of w?
7
Let z = 40 + -83. Let h = 46 - z. List the prime factors of h.
89
Let g = -343 + 662. What are the prime factors of g?
11, 29
Suppose -5*w + 52 = j, -3*j + 0*j + 120 = -3*w. Suppose 378 + j = 4*g. List the prime factors of g.
3, 5, 7
Let k = -28 - -30. Suppose k*v = -59 + 187. List the prime factors of v.
2
Let d(x) = -114*x - 94. List the prime factors of d(-22).
2, 17, 71
Let j = 44 + -19. Let b = -18 + j. What are the prime factors of (-34)/(((-14)/4)/b)?
2, 17
List the prime factors of 52/(-26) - (-1320 + -4).
2, 661
Let w(n) = -2*n - 11. Let y be w(-7). Suppose -g = 2*i - y*i + 67, -3*g = -i + 69. What are the prime factors of i?
2, 3, 11
Let u = -255 + 1453. List the prime factors of u.
2, 599
Let m(o) = -o**3 - 2*o**2 + 5*o + 1814. What are the prime factors of m(0)?
2, 907
Suppose 21*q - 3315 = 1200. Suppose 10*f = q + 95. What are the prime factors of f?
31
Let b(h) = -h - 2. Let l be b(-7). Let t be (-4540)/(-25) - (-2)/l. List the prime factors of t/7 - (0 - 2).
2, 7
Let s(b) = 5*b + 2. Let x(o) = -o**2 - 11*o - 5. Let p(r) = -13*s(r) - 6*x(r). List the prime factors of p(-6).
2, 107
Let q(p) = -124*p - 70. List the prime factors of q(-8).
2, 461
Let k be (-1)/(2/(42/1)). Let b be 6/k + 163/7. Suppose -5*c + 47 = -b. What are the prime factors of c?
2, 7
Let c = 2 + 23. Let s be c/(-3) - 6/9. Let j(g) = -g + 13. What are the prime factors of j(s)?
2, 11
Suppose 3*l = 2*l - 3. Let u = -35 + 36. What are the prime factors of (l - 1*-38)*u?
5, 7
Let f = -434 + 1352. What are the prime factors of f?
2, 3, 17
Suppose -5*o + 4*u + 26 = 0, -18 = -7*o + 4*o + 3*u. List the prime factors of o*2/6 + (-1141)/(-21).
5, 11
Let n(c) = -c + 12. Let f be n(0). List the prime factors of 627/f + (-2)/8.
2, 13
Suppose 2*h + 43 = -g, h = -3*g - 5 - 24. Let y = 546 + -545. What are the prime factors of -2*y - (-5 + h)?
23
Suppose 4*o = -4*f + 628, o + 83 + 82 = f. List the prime factors of f.
7, 23
Let a = -442 + 560. What are the prime factors of a?
2, 59
Let a = -35 + 62. Suppose 2*s - a - 3 = 0. List the prime factors of s.
3, 5
Let o = 410 - -1126. List the prime factors of o.
2, 3
Let j be ((-2)/6*1*0)/3. Suppose -5*t - 25 = j, 5*n = -0*t + t + 200. List the prime factors of n.
3, 13
Let q = 3118 + -1746. What are the prime factors of q?
2, 7
What are the prime factors of 1299/9 + 1 + (-18)/(-27)?
2, 73
Suppose -4*b + 2*g = 78, 5*g = -4*b - 67 - 18. Let h = -6 - b. List the prime factors of (-3220)/(-49) + 4/h.
2, 3, 11
Let b(n) = 3*n - 9*n**2 + 256 - 526 + 2*n**3 + 262. What are the prime factors of b(6)?
2, 59
Let v(s) = 2*s**2 - 3*s + 3. Let t be v(2). Suppose t*g + 0*g = 20. List the prime factors of g.
2
Suppose -2*h = -105*j + 103*j - 4356, 4*j + 16 = 0. List the prime factors of h.
2, 1087
Suppose 0 = 12*m - 1053 - 5403. What are the prime factors of m?
2, 269
Let z(t) = t**2 + 5*t - 6. Let w be z(-6). List the prime factors of (w - 2) + -2 + 67.
3, 7
What are the prime factors of (-3302)/(-8) + -2 + 54/24?
7, 59
List the prime factors of (-1)/(14/(-9552)) + 430/(-1505).
2, 11, 31
Suppose 0 = -5*n - u + 923, -2*n - u + 353 = -6*u. What are the prime factors of n?
2, 23
Suppose 113*h + 134251 = 136*h. List the prime factors of h.
13, 449
Let k(h) = h**2 - 15*h + 2. Let t be k(14). Let c be -1*2*(2 - 1). List the prime factors of (15/t - c)*8.
2, 3
What are the prime factors of (13968/120)/(3/10)?
2, 97
Suppose -6 - 9 = -5*r. Suppose 3*w = -0*w + r. What are the prime factors of 2 - (w + 4) - -31?
2, 7
Let h = -2062 + 4206. What are the prime factors of h?
2, 67
Let q = 2005 + -1261. List the prime factors of q.
2, 3, 31
Suppose 16 = 12*o - 4*o. Suppose -o*g = 25 - 35. Suppose -13 = -i - g. What are the prime factors of i?
2
Suppose -5*f = 13 - 58. List the prime factors of 3/f*(343 + (-3 - 1)).
113
Let b = -20 - 22. Let v = -3 - b. Let p = v - 8. What are the prime factors of p?
31
Let j(m) = 2*m - 1. Suppose -4 = -p - 0. List the prime factors of j(p).
7
Let h be 22/6 - 11/(-33). Suppose -h*v - 2*n = -0*v - 328, -2*n = 3*v - 245. Suppose 4*i - v = -15. List the prime factors of i.
17
Let l(p) = p**3 - 4*p**2 - 6*p - 1. Let v be l(6). Let z = 10 + -33. Let b = v + z. What are the prime factors of b?
2, 3
Let s = 6 + 52. Let d = 13 + s. Let i = d - 49. List the prime factors of i.
2, 11
Let w(k) = -k**2 + 9*k - 19. Let h be w(4). Suppose -11 + h = -5*f. What are the prime factors of f?
2
Let a = 8 - 5. Let h = 13 - a. Let l(p) = p**2 - 8*p - 7. List the prime factors of l(h).
13
Let m = -96 + 410. List the prime factors of m.
2, 157
Suppose 4*j - 9 - 6 = 5*f, 15 = 3*j - 5*f. Let k = 52 - j. Suppose -3*z + k = -32. List the prime factors of z.
2, 7
Let o(w) = w - 38. Let z be o(0). Let m = -15 - z. Let f = 45 - m. What are the prime factors of f?
2, 11
Let o = -299 - -334. What are the prime factors of o?
5, 7
Let g be (-4488)/27 - 4*(-1)/18. Let c = g + 303. List the prime factors of c.
137
Suppose 0 = 5*m, 4*m + 79 = h - 1197. What are the prime factors of h?
2, 11, 29
Suppose -2*o = 4*w + 875 - 6533, -o = -2*w + 2819. What are the prime factors of w?
2, 353
Let m(x) = x**2 - 10*x. Suppose -2*p + 3*y = -4*p + 23, 0 = p + 4*y - 14. Let v be m(p). What are the prime factors of (v - -28) + 2/2?
29
Suppose 5*m - 1062 = -247. Let b = m - 78. What are the prime factors of b?
5, 17
What are the prime factors of (1048/10)/((-6)/(-15))?
2, 131
Suppose -96*h - 9229 = -107*h. List the prime factors of h.
839
Let n(j) = j + 13. Let s be n(10). Suppose 5*q + 6 = -5*l + 41, -3*q + s = 4*l. Suppose t = -0*t + l. List the prime factors of t.
2
What are the prime factors of ((-11754)/(-72))/(-1 - 15/(-12))?
653
Suppose 302*j + 1048 = 298*j. List the prime factors of (6 + -5)/((-1)/j).
2, 131
Suppose -3343 = -7*w + 570. List the p